{"id":1026,"date":"2019-03-18T08:33:54","date_gmt":"2019-03-18T08:33:54","guid":{"rendered":"http:\/\/localhost\/consultax\/?page_id=1026"},"modified":"2026-02-13T20:49:13","modified_gmt":"2026-02-13T23:49:13","slug":"quienes-somos","status":"publish","type":"page","link":"https:\/\/www.cgya.cl\/?page_id=1026","title":{"rendered":"Quienes Somos"},"content":{"rendered":"<div class=\"wpb-content-wrapper\"><p>[vc_row el_class=\u00bbsection-padd\u00bb css=\u00bb.vc_custom_1759025811184{margin: 0px !important;}\u00bb][vc_column]\n    <div class=\"section-head \">\n                    <h6><span>SOBRE NOSOTROS<\/span><\/h6>\n                <h2 class=\"section-title\">Somos CGyA\u00a9 | Asesor\u00edas y Consultor\u00edas<\/h2>\n            <\/div>\n\n[vc_column_text css=\u00bb\u00bb]La Empresa \u201cAsesor\u00eda y Consultor\u00eda CGyA\u00a9 SPA\u201d ha sido fundada, en la b\u00fasqueda de asesorar a las empresas acerca de la importancia de tener una buena gesti\u00f3n financiera y estrat\u00e9gica, nuestro compromiso es entregar herramientas para que nuestros clientes tomen mejores decisiones y as\u00ed puedan dedicar su tiempo a generar ingresos, aprovechar oportunidades de negocio y crecer con la tranquilidad que las cosas se est\u00e1n haciendo bien.[\/vc_column_text][\/vc_column][\/vc_row][vc_row css=\u00bb.vc_custom_1759025468800{padding-top: 0px !important;padding-right: 0px !important;padding-bottom: 0px !important;padding-left: 0px !important;}\u00bb][vc_column][vc_single_image image=\u00bb2036&#8243; img_size=\u00bbfull\u00bb css=\u00bb\u00bb][\/vc_column][\/vc_row][vc_row equal_height=\u00bbyes\u00bb el_class=\u00bbsection-padd\u00bb][vc_column css_animation=\u00bbbounceIn\u00bb css=\u00bb.vc_custom_1759026001291{margin: 1px !important;padding: 1px !important;border: 1px initial !important;}\u00bb]\n    <div class=\"section-head \">\n                    <h6><span>Un Prop\u00f3sito, un camino<\/span><\/h6>\n                <h2 class=\"section-title\">Nuestra Misi\u00f3n<\/h2>\n            <\/div>\n\n[vc_column_text css=\u00bb\u00bb]Somos una empresa de Asesor\u00eda y Consultor\u00eda ubicada en la Regi\u00f3n Metropolitana, que ofrecemos\u00a0Servicios de Consultor\u00eda en Control de Gesti\u00f3n, Auditor\u00edas y Asesor\u00edas contables a todo Chile, a trav\u00e9s de una atenci\u00f3n personalizada, consecuente con la integridad y confiabilidad que busca el cliente, dirigido a quienes buscan un servicio profesional de calidad.[\/vc_column_text][vc_empty_space]\n    <div class=\"section-head \">\n                    <h6><span>Tener una meta es perseguir un sue\u00f1o<\/span><\/h6>\n                <h2 class=\"section-title\">Nuestra Visi\u00f3n<\/h2>\n            <\/div>\n\n[vc_column_text css=\u00bb\u00bb]Al a\u00f1o 2026 situarse dentro de las 100 mejores empresas del ranking de Servicios Profesionales, como una empresa de Asesor\u00eda y Consultor\u00eda reconocida por los servicios que ofrece a sus clientes a lo largo de todo Chile; orientada a la transparencia y compromiso con\u00a0sus clientes y posicionada entre las mejores empresas para trabajar y de colaboraci\u00f3n con el sector profesional[\/vc_column_text][vc_empty_space]\n    <div class=\"section-head \">\n                    <h6><span>Claridad y enfoque<\/span><\/h6>\n                <h2 class=\"section-title\">Valores y Creencias Institucionales<\/h2>\n            <\/div>\n\n[vc_column_text css=\u00bb\u00bb]<\/p>\n<ul>\n<li><strong>Integridad<\/strong>: Porque se trabaja de acuerdo a los requerimientos legales establecidos.<\/li>\n<li><strong>Orientaci\u00f3n al cliente<\/strong>: Porque las acciones est\u00e1n dirigidas a satisfacer al cliente.<\/li>\n<li><strong>Confiabilidad:\u00a0<\/strong>Porque se trabaja con transparencia, calidad en los servicios ofrecidos y porque el cliente se lleva una referencia o recomendaci\u00f3n fidedigna de lo que obtiene.<\/li>\n<li><strong>Compromiso:\u00a0<\/strong>Porque est\u00e1 comprometida con el bienestar de sus colaboradores y clientes.<\/li>\n<li><strong>Colaboraci\u00f3n:<\/strong>\u00a0Porque participa y colabora con estudiantes, colegas y profesionales del \u00e1rea en la b\u00fasqueda, interpretaci\u00f3n y debate de ideas, leyes, pronunciamientos y contingencias.<\/li>\n<\/ul>\n<p>[\/vc_column_text][\/vc_column][\/vc_row][vc_row el_class=\u00bbsection-padd\u00bb][vc_column]\n    <div class=\"section-head \">\n                    <h6><span>Cont\u00e1ctanos<\/span><\/h6>\n                <h2 class=\"section-title\">Dinos como podemos ayudarte<\/h2>\n            <\/div>\n\n[vc_empty_space height=\u00bb12px\u00bb][vc_single_image image=\u00bb2178&#8243; img_size=\u00bbfull\u00bb alignment=\u00bbcenter\u00bb css=\u00bb\u00bb][\/vc_column][vc_column width=\u00bb1\/2&#8243; offset=\u00bbvc_col-md-5&#8243;][vc_column_text css=\u00bb.vc_custom_1759182591143{margin-bottom: 0px !important;padding-top: 30px !important;padding-right: 30px !important;padding-bottom: 30px !important;padding-left: 30px !important;background-image: url(https:\/\/cgya.cl\/wp-content\/uploads\/2019\/03\/bg-contact.jpg?id=1133) !important;background-position: center !important;background-repeat: no-repeat !important;background-size: cover !important;border-radius: 2px !important;}\u00bb el_class=\u00bbtext-light contact-box\u00bb]<\/p>\n<h6 class=\"font12\">Ubicaci\u00f3n<\/h6>\n<h4>Stgo de Chile Disponibles en todo el territorio nacional<\/h4>\n<p><a class=\"pagelink\" href=\"https:\/\/www.cgya.cl\/?page_id=967\">Contactanos<\/a>[\/vc_column_text][\/vc_column][\/vc_row]<\/p>\n<\/div>","protected":false},"excerpt":{"rendered":"<p>[vc_row el_class=\u00bbsection-padd\u00bb css=\u00bb.vc_custom_1759025811184{margin: 0px !important;}\u00bb][vc_column][vc_column_text css=\u00bb\u00bb]La Empresa \u201cAsesor\u00eda y Consultor\u00eda CGyA\u00a9 SPA\u201d ha sido fundada, en la b\u00fasqueda de asesorar a las empresas acerca de la importancia de tener una buena gesti\u00f3n financiera y estrat\u00e9gica, nuestro compromiso es entregar herramientas para que nuestros clientes tomen mejores decisiones y as\u00ed puedan dedicar su tiempo a generar [&hellip;]<\/p>\n","protected":false},"author":2,"featured_media":0,"parent":0,"menu_order":0,"comment_status":"closed","ping_status":"closed","template":"","meta":{"footnotes":""},"class_list":["post-1026","page","type-page","status-publish","hentry"],"_links":{"self":[{"href":"https:\/\/www.cgya.cl\/index.php?rest_route=\/wp\/v2\/pages\/1026","targetHints":{"allow":["GET"]}}],"collection":[{"href":"https:\/\/www.cgya.cl\/index.php?rest_route=\/wp\/v2\/pages"}],"about":[{"href":"https:\/\/www.cgya.cl\/index.php?rest_route=\/wp\/v2\/types\/page"}],"author":[{"embeddable":true,"href":"https:\/\/www.cgya.cl\/index.php?rest_route=\/wp\/v2\/users\/2"}],"replies":[{"embeddable":true,"href":"https:\/\/www.cgya.cl\/index.php?rest_route=%2Fwp%2Fv2%2Fcomments&post=1026"}],"version-history":[{"count":29,"href":"https:\/\/www.cgya.cl\/index.php?rest_route=\/wp\/v2\/pages\/1026\/revisions"}],"predecessor-version":[{"id":13825,"href":"https:\/\/www.cgya.cl\/index.php?rest_route=\/wp\/v2\/pages\/1026\/revisions\/13825"}],"wp:attachment":[{"href":"https:\/\/www.cgya.cl\/index.php?rest_route=%2Fwp%2Fv2%2Fmedia&parent=1026"}],"curies":[{"name":"wp","href":"https:\/\/api.w.org\/{rel}","templated":true}]}}